e prime factors of u.
2, 3
Let l = 163 - 264. Let g = -33 + -26. Let j = g - l. What are the prime factors of j?
2, 3, 7
Suppose -3*l = 4*s - 2840, l + 729 - 3577 = -4*s. What are the prime factors of s?
23, 31
Let t = -3986 - -6417. List the prime factors of t.
11, 13, 17
Suppose -5769 = -g + b, 36*g - 28847 = 31*g + 3*b. What are the prime factors of g?
2, 5, 577
Suppose -5*a + 20287 = 2*h, 0 = 5*a - 2*h - 23640 + 3357. List the prime factors of a.
4057
Suppose -565 = 5*r - 1995. What are the prime factors of r?
2, 11, 13
Let w = -122 + 122. Suppose -2*k - k - 4*z = -561, -2*k - 5*z + 374 = w. What are the prime factors of k?
11, 17
Let s be ((-2)/3)/((-1)/276 - 0). Suppose 54*f - 50*f - s = 0. List the prime factors of f.
2, 23
Suppose 500 + 1162 = 3*a. List the prime factors of a.
2, 277
List the prime factors of 7605/51 - (-4)/(-34).
149
Let r = -713 + 1330. What are the prime factors of r?
617
Let q(w) be the first derivative of -w**3 + 1/2*w**4 + 0*w**2 + 0*w - 4. What are the prime factors of q(3)?
3
Let m(r) = 4*r - 38. Let v be m(0). What are the prime factors of (-2 - -10)*v/(-8)?
2, 19
Let g = 626 + 375. List the prime factors of g.
7, 11, 13
Let r be (-40)/10 - (-12)/2. List the prime factors of (62/6)/(r/6).
31
Let v(b) = -b**2 + 6*b - 3. Let l be v(4). Suppose -3*w = -l*w + 2. What are the prime factors of 34 + 0 + w + -3?
2
Let i = 286 + -202. List the prime factors of i.
2, 3, 7
Suppose 122*i - 115*i - 1869 = 0. What are the prime factors of i?
3, 89
Let m(r) = r**3 + 17*r**2 - 17*r + 37. Let c be m(-18). Suppose 0 = -2*p + 15 + c. List the prime factors of p.
17
Suppose -4*t + 3*k - 1 = -16, k - 11 = -4*t. Suppose t*h - 3*o - 220 = 263, 0 = h + 5*o - 179. What are the prime factors of h?
2, 41
Let w = -3115 - -5241. What are the prime factors of w?
2, 1063
Let x(f) = f**2 - 2*f - 2. Let j be x(0). What are the prime factors of 88/j*(-4 + 2)?
2, 11
Let b(g) = g**3 - 3*g - 2. Let a be b(6). Let c = a + -90. List the prime factors of c.
2, 53
Let y = 24 + -19. Let k(u) = -u**2 + 5*u + 4. Let c be k(y). List the prime factors of 1688/28 + c/(-14).
2, 3, 5
Let x(b) = -8*b**3 - b**2 - 2*b - 2. Suppose 3*z = -2*w + 1 - 2, -w + 5*z - 7 = 0. List the prime factors of x(w).
2, 31
Let p(r) = 723*r - 6. Let q be p(2). Suppose 23*k - q = 18*k. What are the prime factors of k?
2, 3
Let t be (-27)/(-6)*1240/15. What are the prime factors of (t/(-36))/(2/(-6))?
31
Let w(i) = i**2 + 3*i + 14. Let l be (-44)/6*6/(-4). Suppose 35 = -4*p + l. What are the prime factors of w(p)?
2
Let j(c) be the first derivative of -c**4/4 + 11*c**3/3 - 6*c**2 + 6*c + 7. Let p be j(10). Let o = 42 + p. List the prime factors of o.
2, 7
Suppose 0 = -4*a + i + 17, 4*i = a - 17 - 6. Let t be 5/(8/(-4) + a). Let z = 3 + t. List the prime factors of z.
2
Suppose 4*v - 2*d - 138 - 198 = 0, 3*v = -5*d + 252. Suppose -4*w + v = -3*j, -2*w + 42 = 3*j - 4*j. List the prime factors of w.
3, 7
Let t(x) = 18*x + 10. Let n be t(3). Suppose -o - n = -2*o. List the prime factors of o.
2
Let h(b) = b**3 + 13*b**2 - 3*b + 27. List the prime factors of h(-8).
7, 53
Let n = -3515 - -5249. List the prime factors of n.
2, 3, 17
Let i be (-5 - -2 - -2)*39. Let b = i + 89. What are the prime factors of b?
2, 5
List the prime factors of (-1 - -4768) + (-14 - -20).
3, 37, 43
Suppose -o = -4*m + 34 + 2, -m + 3*o + 9 = 0. What are the prime factors of 9/9 + (m - 0)?
2, 5
What are the prime factors of 150/(-60) + 1/(-2) - -318?
3, 5, 7
Suppose 3*b = -10 - 2. List the prime factors of 2574/24 - (-1)/b.
107
Suppose 7*t + 71 = 246. Suppose 2*h = 0, 0*y - 4*y = 2*h + 68. Let p = t + y. List the prime factors of p.
2
Let g = -3 - -8. What are the prime factors of (-2)/g + -4 + 1984/10?
2, 97
Suppose 0 = 5*a - 5*v + 15, -2*a - v + 6 = 15. Let t = a + 8. List the prime factors of (-45)/(-2) + 2/t.
23
Let d(j) be the second derivative of -j**5/20 - j**4/4 + 5*j**3/6 + 3*j. Suppose 0 = -q - 2*q - 15. List the prime factors of d(q).
5
Let v = -5 + 9. Let s be 20 - (-8 - -4)/v. What are the prime factors of 6/s + (-257)/(-7)?
37
Suppose 2*d - 110 = 136. Let f = d + -28. List the prime factors of f.
5, 19
Let v(y) = 134*y - 87. What are the prime factors of v(13)?
5, 331
Let o = 77 - 44. Let k = 38 - o. What are the prime factors of k?
5
Let w(g) = g**2 + 2*g. Let n(t) = -t**3 + 2*t**2 - 4*t + 3. Let v be n(2). Let o be w(v). Let j = o - 9. List the prime factors of j.
2, 3
Let t(y) be the third derivative of y**5/60 + y**4/12 - 14*y**3/3 + 12*y**2. What are the prime factors of t(7)?
5, 7
Let q(j) = 15*j - 1. Suppose -3*o = o - 4. Let t be q(o). Suppose -p + t = -16. What are the prime factors of p?
2, 3, 5
Suppose 0 = -4*t - 12*t - 3*t. Suppose -5*r - 3*i + t*i + 751 = 0, -4*r = 4*i - 596. What are the prime factors of r?
2, 19
Let q(a) = -2*a - 17. Let p be q(-11). What are the prime factors of 2/(6/9) - -3*p?
2, 3
Suppose 2*w = 6*d + 1036, w - 3*d - d = 523. What are the prime factors of w?
503
Suppose -j + 515 = 4*j. Suppose -p = 4*p - 2*v - 99, -5*p + j = -4*v. List the prime factors of p.
19
Let o(d) be the first derivative of -4*d - 1 - 9/2*d**2. List the prime factors of o(-4).
2
Let y(u) = 4*u + 2. Let j be y(-1). Let a(f) = -f**2 - 2*f - 2. Let m be a(j). Let r(d) = -22*d. What are the prime factors of r(m)?
2, 11
Let h = -256 + 311. List the prime factors of h.
5, 11
List the prime factors of (8 + (-8)/12)*(-111)/(-2).
11, 37
Suppose 25*m - 24*m - 119 = 0. What are the prime factors of m?
7, 17
Suppose 3*a - 275 = -20. Suppose 0 = -0*x - 3*x. Suppose 0 = -x*d + 5*d - a. List the prime factors of d.
17
Let q(z) = z + 2. Let k be q(-8). Let a be -2*3/k*1. List the prime factors of 34/8*(3 + a).
17
Let p(a) = 719*a**2 - 19*a + 75. List the prime factors of p(3).
3, 7, 103
Suppose -5*o = 2*y - 15689, 27*o + 15704 = 32*o - 3*y. What are the prime factors of o?
43, 73
Let g(q) = 9*q**2 - 11*q - 76. What are the prime factors of g(-8)?
2, 3, 7
Suppose 5*z + 151 = -94. Let y = 10 - z. What are the prime factors of y?
59
Suppose 0 = -4*n + 4*r - 3 + 19, 2*r = 5*n - 8. Suppose n = 3*u + 4 - 289. What are the prime factors of u?
5, 19
Suppose 0 = -3*a + 5*a. Suppose 2*p - 5*y - 56 = -a*p, -68 = -2*p - y. List the prime factors of p.
3, 11
Suppose 6*n - 18 = -6. Suppose 0*a + 42 = n*a. Suppose v - 23 = -a. List the prime factors of v.
2
Let s(k) = -k**3 - 16*k**2 + 16*k - 3. Let i be s(-17). Suppose 5*j = i + 6. List the prime factors of j.
2
Let d(w) = -w**3 - 10*w**2 - 3*w - 39. Let p be d(-10). Let z(t) = -9*t + 46. What are the prime factors of z(p)?
127
Let z(k) = -9*k**3 - 3*k**2 - 2*k - 2. Let p be z(-3). Let x = p + -130. Suppose -4*i + x = -2*q, -3*q + 3 = -4*q. What are the prime factors of i?
3, 7
Let i(s) be the third derivative of -4/3*s**3 - 2*s**2 + 0*s + 0 + 1/60*s**5 + 1/8*s**4. List the prime factors of i(5).
2
Suppose -147 = -3*q + 3*a, -123 = q - 4*q - 5*a. List the prime factors of (-33 - -31)*q/(-4).
23
Let j(y) = y**2 - 6*y - 13. Let b be j(9). Let h(z) = -z**3 + 9*z**2 + 2*z + 11. Let i be h(9). Let l = i - b. What are the prime factors of l?
3, 5
Let c(y) = -y**3 - 52. Let j be c(0). Let q be (4/2)/(13/j). What are the prime factors of (14/q)/((-3)/48)?
2, 7
Suppose -7*f = 5*f - 7068. Suppose -g = -n - 129, -4*g - 91 + f = 5*n. List the prime factors of g.
127
Let r(b) = 63*b**2 + 15*b + 1. Let d be r(5). Suppose -m = 12*m - d. What are the prime factors of m?
127
Suppose 2*q - 4*g + 18 = q, -5*g + 23 = -q. Suppose q*t = 5*w - 413, t = -3*w + 4*w - 82. What are the prime factors of w?
83
Let u = 99 - 69. Suppose 5 = 4*h + n - 8, -4*n = 5*h - u. Suppose -h*a = f + 8, 0 = 2*f + a - 3 + 4. List the prime factors of f.
2
Let v = -60 + 71. What are the prime factors of 1727/v - (3*-1 - 0)?
2, 5
Let r = 13 + -9. Let l(v) = -10*v + 10 - r*v + 7*v. What are the prime factors of l(-3)?
31
Let y be 8/12*75*3. Suppose -90 = -i - 3*b, 27 = 2*i + 3*b - y. What are the prime factors of i?
3, 29
Let n = 1188 + -1038. What are the prime factors of n?
2, 3, 5
Suppose -4*d = 4*b - 7*d - 30, 0 = -b - 3*d. Suppose 0 = b*i - 124 - 308. List the prime factors of i.
2, 3
Let r(i) = 5*i + 3 + 2*i**3 - i**3 + 6*i**2 + i. Let l be r(-5). List the prime factors of ((-12)/18)/(l/57).
19
Let y = -1427